{"id":48,"date":"2024-04-06T15:05:02","date_gmt":"2024-04-06T13:05:02","guid":{"rendered":"https:\/\/tvsanvi.surflinksas.com\/?post_type=product&#038;p=48"},"modified":"2024-04-06T15:06:09","modified_gmt":"2024-04-06T13:06:09","slug":"50-megas","status":"publish","type":"product","link":"https:\/\/tvsanvi.surflinksas.com\/index.php\/producto\/50-megas\/","title":{"rendered":"50 Megas"},"content":{"rendered":"<p>1450.000 mensuales<br \/><strong>Internet Sim\u00e9trico m\u00e1s televisi\u00f3n<\/strong><br \/>50 Megas<br \/>San Vicente del Cagu\u00e1n &#8211; Caquet\u00e1<\/p>\n","protected":false},"excerpt":{"rendered":"<p>1450.000 mensuales<br \/><strong>Internet Sim\u00e9trico m\u00e1s televisi\u00f3n<\/strong><br \/>50 Megas<br \/>San Vicente del Cagu\u00e1n &#8211; Caquet\u00e1<\/p>\n","protected":false},"featured_media":42,"comment_status":"open","ping_status":"closed","template":"","meta":{"site-sidebar-layout":"default","site-content-layout":"","ast-site-content-layout":"","site-content-style":"default","site-sidebar-style":"default","ast-global-header-display":"","ast-banner-title-visibility":"","ast-main-header-display":"","ast-hfb-above-header-display":"","ast-hfb-below-header-display":"","ast-hfb-mobile-header-display":"","site-post-title":"","ast-breadcrumbs-content":"","ast-featured-img":"","footer-sml-layout":"","theme-transparent-header-meta":"","adv-header-id-meta":"","stick-header-meta":"","header-above-stick-meta":"","header-main-stick-meta":"","header-below-stick-meta":"","astra-migrate-meta-layouts":"default","ast-page-background-enabled":"default","ast-page-background-meta":{"desktop":{"background-color":"var(--ast-global-color-4)","background-image":"","background-repeat":"repeat","background-position":"center center","background-size":"auto","background-attachment":"scroll","background-type":"","background-media":"","overlay-type":"","overlay-color":"","overlay-gradient":""},"tablet":{"background-color":"","background-image":"","background-repeat":"repeat","background-position":"center center","background-size":"auto","background-attachment":"scroll","background-type":"","background-media":"","overlay-type":"","overlay-color":"","overlay-gradient":""},"mobile":{"background-color":"","background-image":"","background-repeat":"repeat","background-position":"center center","background-size":"auto","background-attachment":"scroll","background-type":"","background-media":"","overlay-type":"","overlay-color":"","overlay-gradient":""}},"ast-content-background-meta":{"desktop":{"background-color":"var(--ast-global-color-5)","background-image":"","background-repeat":"repeat","background-position":"center center","background-size":"auto","background-attachment":"scroll","background-type":"","background-media":"","overlay-type":"","overlay-color":"","overlay-gradient":""},"tablet":{"background-color":"var(--ast-global-color-5)","background-image":"","background-repeat":"repeat","background-position":"center center","background-size":"auto","background-attachment":"scroll","background-type":"","background-media":"","overlay-type":"","overlay-color":"","overlay-gradient":""},"mobile":{"background-color":"var(--ast-global-color-5)","background-image":"","background-repeat":"repeat","background-position":"center center","background-size":"auto","background-attachment":"scroll","background-type":"","background-media":"","overlay-type":"","overlay-color":"","overlay-gradient":""}},"_links_to":"","_links_to_target":""},"product_cat":[15],"product_tag":[16,18,19,17],"yoast_head":"<!-- This site is optimized with the Yoast SEO plugin v23.0 - https:\/\/yoast.com\/wordpress\/plugins\/seo\/ -->\n<title>50 Megas -<\/title>\n<meta name=\"robots\" content=\"index, follow, max-snippet:-1, max-image-preview:large, max-video-preview:-1\" \/>\n<link rel=\"canonical\" href=\"https:\/\/tvsanvi.surflinksas.com\/index.php\/producto\/50-megas\/\" \/>\n<meta property=\"og:locale\" content=\"es_ES\" \/>\n<meta property=\"og:type\" content=\"article\" \/>\n<meta property=\"og:title\" content=\"50 Megas -\" \/>\n<meta property=\"og:description\" content=\"1450.000 mensualesInternet Sim\u00e9trico m\u00e1s televisi\u00f3n50 MegasSan Vicente del Cagu\u00e1n - Caquet\u00e1\" \/>\n<meta property=\"og:url\" content=\"https:\/\/tvsanvi.surflinksas.com\/index.php\/producto\/50-megas\/\" \/>\n<meta property=\"article:modified_time\" content=\"2024-04-06T13:06:09+00:00\" \/>\n<meta name=\"twitter:card\" content=\"summary_large_image\" \/>\n<script type=\"application\/ld+json\" class=\"yoast-schema-graph\">{\"@context\":\"https:\/\/schema.org\",\"@graph\":[{\"@type\":\"WebPage\",\"@id\":\"https:\/\/tvsanvi.surflinksas.com\/index.php\/producto\/50-megas\/\",\"url\":\"https:\/\/tvsanvi.surflinksas.com\/index.php\/producto\/50-megas\/\",\"name\":\"50 Megas -\",\"isPartOf\":{\"@id\":\"https:\/\/tvsanvi.surflinksas.com\/#website\"},\"primaryImageOfPage\":{\"@id\":\"https:\/\/tvsanvi.surflinksas.com\/index.php\/producto\/50-megas\/#primaryimage\"},\"image\":{\"@id\":\"https:\/\/tvsanvi.surflinksas.com\/index.php\/producto\/50-megas\/#primaryimage\"},\"thumbnailUrl\":\"https:\/\/tvsanvi.surflinksas.com\/wp-content\/uploads\/2024\/04\/4.jpg\",\"datePublished\":\"2024-04-06T13:05:02+00:00\",\"dateModified\":\"2024-04-06T13:06:09+00:00\",\"breadcrumb\":{\"@id\":\"https:\/\/tvsanvi.surflinksas.com\/index.php\/producto\/50-megas\/#breadcrumb\"},\"inLanguage\":\"es\",\"potentialAction\":[{\"@type\":\"ReadAction\",\"target\":[\"https:\/\/tvsanvi.surflinksas.com\/index.php\/producto\/50-megas\/\"]}]},{\"@type\":\"ImageObject\",\"inLanguage\":\"es\",\"@id\":\"https:\/\/tvsanvi.surflinksas.com\/index.php\/producto\/50-megas\/#primaryimage\",\"url\":\"https:\/\/tvsanvi.surflinksas.com\/wp-content\/uploads\/2024\/04\/4.jpg\",\"contentUrl\":\"https:\/\/tvsanvi.surflinksas.com\/wp-content\/uploads\/2024\/04\/4.jpg\",\"width\":1080,\"height\":1080},{\"@type\":\"BreadcrumbList\",\"@id\":\"https:\/\/tvsanvi.surflinksas.com\/index.php\/producto\/50-megas\/#breadcrumb\",\"itemListElement\":[{\"@type\":\"ListItem\",\"position\":1,\"name\":\"Portada\",\"item\":\"https:\/\/tvsanvi.surflinksas.com\/\"},{\"@type\":\"ListItem\",\"position\":2,\"name\":\"Servicios\",\"item\":\"https:\/\/tvsanvi.surflinksas.com\/index.php\/planes-2024\/\"},{\"@type\":\"ListItem\",\"position\":3,\"name\":\"50 Megas\"}]},{\"@type\":\"WebSite\",\"@id\":\"https:\/\/tvsanvi.surflinksas.com\/#website\",\"url\":\"https:\/\/tvsanvi.surflinksas.com\/\",\"name\":\"\",\"description\":\"\",\"potentialAction\":[{\"@type\":\"SearchAction\",\"target\":{\"@type\":\"EntryPoint\",\"urlTemplate\":\"https:\/\/tvsanvi.surflinksas.com\/?s={search_term_string}\"},\"query-input\":\"required name=search_term_string\"}],\"inLanguage\":\"es\"}]}<\/script>\n<!-- \/ Yoast SEO plugin. -->","yoast_head_json":{"title":"50 Megas -","robots":{"index":"index","follow":"follow","max-snippet":"max-snippet:-1","max-image-preview":"max-image-preview:large","max-video-preview":"max-video-preview:-1"},"canonical":"https:\/\/tvsanvi.surflinksas.com\/index.php\/producto\/50-megas\/","og_locale":"es_ES","og_type":"article","og_title":"50 Megas -","og_description":"1450.000 mensualesInternet Sim\u00e9trico m\u00e1s televisi\u00f3n50 MegasSan Vicente del Cagu\u00e1n - Caquet\u00e1","og_url":"https:\/\/tvsanvi.surflinksas.com\/index.php\/producto\/50-megas\/","article_modified_time":"2024-04-06T13:06:09+00:00","twitter_card":"summary_large_image","schema":{"@context":"https:\/\/schema.org","@graph":[{"@type":"WebPage","@id":"https:\/\/tvsanvi.surflinksas.com\/index.php\/producto\/50-megas\/","url":"https:\/\/tvsanvi.surflinksas.com\/index.php\/producto\/50-megas\/","name":"50 Megas -","isPartOf":{"@id":"https:\/\/tvsanvi.surflinksas.com\/#website"},"primaryImageOfPage":{"@id":"https:\/\/tvsanvi.surflinksas.com\/index.php\/producto\/50-megas\/#primaryimage"},"image":{"@id":"https:\/\/tvsanvi.surflinksas.com\/index.php\/producto\/50-megas\/#primaryimage"},"thumbnailUrl":"https:\/\/tvsanvi.surflinksas.com\/wp-content\/uploads\/2024\/04\/4.jpg","datePublished":"2024-04-06T13:05:02+00:00","dateModified":"2024-04-06T13:06:09+00:00","breadcrumb":{"@id":"https:\/\/tvsanvi.surflinksas.com\/index.php\/producto\/50-megas\/#breadcrumb"},"inLanguage":"es","potentialAction":[{"@type":"ReadAction","target":["https:\/\/tvsanvi.surflinksas.com\/index.php\/producto\/50-megas\/"]}]},{"@type":"ImageObject","inLanguage":"es","@id":"https:\/\/tvsanvi.surflinksas.com\/index.php\/producto\/50-megas\/#primaryimage","url":"https:\/\/tvsanvi.surflinksas.com\/wp-content\/uploads\/2024\/04\/4.jpg","contentUrl":"https:\/\/tvsanvi.surflinksas.com\/wp-content\/uploads\/2024\/04\/4.jpg","width":1080,"height":1080},{"@type":"BreadcrumbList","@id":"https:\/\/tvsanvi.surflinksas.com\/index.php\/producto\/50-megas\/#breadcrumb","itemListElement":[{"@type":"ListItem","position":1,"name":"Portada","item":"https:\/\/tvsanvi.surflinksas.com\/"},{"@type":"ListItem","position":2,"name":"Servicios","item":"https:\/\/tvsanvi.surflinksas.com\/index.php\/planes-2024\/"},{"@type":"ListItem","position":3,"name":"50 Megas"}]},{"@type":"WebSite","@id":"https:\/\/tvsanvi.surflinksas.com\/#website","url":"https:\/\/tvsanvi.surflinksas.com\/","name":"","description":"","potentialAction":[{"@type":"SearchAction","target":{"@type":"EntryPoint","urlTemplate":"https:\/\/tvsanvi.surflinksas.com\/?s={search_term_string}"},"query-input":"required name=search_term_string"}],"inLanguage":"es"}]}},"jetpack_sharing_enabled":true,"_links":{"self":[{"href":"https:\/\/tvsanvi.surflinksas.com\/index.php\/wp-json\/wp\/v2\/product\/48"}],"collection":[{"href":"https:\/\/tvsanvi.surflinksas.com\/index.php\/wp-json\/wp\/v2\/product"}],"about":[{"href":"https:\/\/tvsanvi.surflinksas.com\/index.php\/wp-json\/wp\/v2\/types\/product"}],"replies":[{"embeddable":true,"href":"https:\/\/tvsanvi.surflinksas.com\/index.php\/wp-json\/wp\/v2\/comments?post=48"}],"wp:featuredmedia":[{"embeddable":true,"href":"https:\/\/tvsanvi.surflinksas.com\/index.php\/wp-json\/wp\/v2\/media\/42"}],"wp:attachment":[{"href":"https:\/\/tvsanvi.surflinksas.com\/index.php\/wp-json\/wp\/v2\/media?parent=48"}],"wp:term":[{"taxonomy":"product_cat","embeddable":true,"href":"https:\/\/tvsanvi.surflinksas.com\/index.php\/wp-json\/wp\/v2\/product_cat?post=48"},{"taxonomy":"product_tag","embeddable":true,"href":"https:\/\/tvsanvi.surflinksas.com\/index.php\/wp-json\/wp\/v2\/product_tag?post=48"}],"curies":[{"name":"wp","href":"https:\/\/api.w.org\/{rel}","templated":true}]}}