{"id":125,"date":"2024-05-10T09:01:02","date_gmt":"2024-05-10T14:01:02","guid":{"rendered":"https:\/\/tvsanvi.surflinksas.com\/?page_id=125"},"modified":"2024-05-10T09:04:59","modified_gmt":"2024-05-10T14:04:59","slug":"contrato-unico-de-servicios","status":"publish","type":"page","link":"https:\/\/tvsanvi.surflinksas.com\/index.php\/contrato-unico-de-servicios\/","title":{"rendered":"Contrato \u00danico de Servicios"},"content":{"rendered":"<p>&nbsp;<\/p>\n<p>Contrato de Condiciones TV Sanvi<\/p>\n<a href=\"https:\/\/tvsanvi.surflinksas.com\/wp-content\/uploads\/2024\/05\/CONTRATO-DE-CONDICIONES-TV-SANV.pdf\" class=\"pdfemb-viewer\" style=\"\" data-width=\"max\" data-height=\"max\" data-toolbar=\"bottom\" data-toolbar-fixed=\"off\">CONTRATO DE CONDICIONES TV SANV<\/a>\n","protected":false},"excerpt":{"rendered":"<p>&nbsp; Contrato de Condiciones TV Sanvi<\/p>\n","protected":false},"author":1,"featured_media":0,"parent":0,"menu_order":0,"comment_status":"closed","ping_status":"closed","template":"","meta":{"site-sidebar-layout":"default","site-content-layout":"","ast-site-content-layout":"default","site-content-style":"default","site-sidebar-style":"default","ast-global-header-display":"","ast-banner-title-visibility":"","ast-main-header-display":"","ast-hfb-above-header-display":"","ast-hfb-below-header-display":"","ast-hfb-mobile-header-display":"","site-post-title":"","ast-breadcrumbs-content":"","ast-featured-img":"","footer-sml-layout":"","theme-transparent-header-meta":"default","adv-header-id-meta":"","stick-header-meta":"","header-above-stick-meta":"","header-main-stick-meta":"","header-below-stick-meta":"","astra-migrate-meta-layouts":"set","ast-page-background-enabled":"default","ast-page-background-meta":{"desktop":{"background-color":"var(--ast-global-color-4)","background-image":"","background-repeat":"repeat","background-position":"center center","background-size":"auto","background-attachment":"scroll","background-type":"","background-media":"","overlay-type":"","overlay-color":"","overlay-gradient":""},"tablet":{"background-color":"","background-image":"","background-repeat":"repeat","background-position":"center center","background-size":"auto","background-attachment":"scroll","background-type":"","background-media":"","overlay-type":"","overlay-color":"","overlay-gradient":""},"mobile":{"background-color":"","background-image":"","background-repeat":"repeat","background-position":"center center","background-size":"auto","background-attachment":"scroll","background-type":"","background-media":"","overlay-type":"","overlay-color":"","overlay-gradient":""}},"ast-content-background-meta":{"desktop":{"background-color":"var(--ast-global-color-5)","background-image":"","background-repeat":"repeat","background-position":"center center","background-size":"auto","background-attachment":"scroll","background-type":"","background-media":"","overlay-type":"","overlay-color":"","overlay-gradient":""},"tablet":{"background-color":"var(--ast-global-color-5)","background-image":"","background-repeat":"repeat","background-position":"center center","background-size":"auto","background-attachment":"scroll","background-type":"","background-media":"","overlay-type":"","overlay-color":"","overlay-gradient":""},"mobile":{"background-color":"var(--ast-global-color-5)","background-image":"","background-repeat":"repeat","background-position":"center center","background-size":"auto","background-attachment":"scroll","background-type":"","background-media":"","overlay-type":"","overlay-color":"","overlay-gradient":""}},"footnotes":"","_links_to":"","_links_to_target":""},"yoast_head":"<!-- This site is optimized with the Yoast SEO plugin v23.0 - https:\/\/yoast.com\/wordpress\/plugins\/seo\/ -->\n<title>Contrato \u00danico de Servicios -<\/title>\n<meta name=\"description\" content=\"Contrato \u00danico de Servicios TV Sanvi en San Vicente del Cagu\u00e1n - Caquet\u00e1\" \/>\n<meta name=\"robots\" content=\"index, follow, max-snippet:-1, max-image-preview:large, max-video-preview:-1\" \/>\n<link rel=\"canonical\" href=\"https:\/\/tvsanvi.surflinksas.com\/index.php\/contrato-unico-de-servicios\/\" \/>\n<meta property=\"og:locale\" content=\"es_ES\" \/>\n<meta property=\"og:type\" content=\"article\" \/>\n<meta property=\"og:title\" content=\"Contrato \u00danico de Servicios -\" \/>\n<meta property=\"og:description\" content=\"Contrato \u00danico de Servicios TV Sanvi en San Vicente del Cagu\u00e1n - Caquet\u00e1\" \/>\n<meta property=\"og:url\" content=\"https:\/\/tvsanvi.surflinksas.com\/index.php\/contrato-unico-de-servicios\/\" \/>\n<meta property=\"article:modified_time\" content=\"2024-05-10T14:04:59+00:00\" \/>\n<meta name=\"twitter:card\" content=\"summary_large_image\" \/>\n<meta name=\"twitter:label1\" content=\"Tiempo de lectura\" \/>\n\t<meta name=\"twitter:data1\" content=\"1 minuto\" \/>\n<script type=\"application\/ld+json\" class=\"yoast-schema-graph\">{\"@context\":\"https:\/\/schema.org\",\"@graph\":[{\"@type\":\"WebPage\",\"@id\":\"https:\/\/tvsanvi.surflinksas.com\/index.php\/contrato-unico-de-servicios\/\",\"url\":\"https:\/\/tvsanvi.surflinksas.com\/index.php\/contrato-unico-de-servicios\/\",\"name\":\"Contrato \u00danico de Servicios -\",\"isPartOf\":{\"@id\":\"https:\/\/tvsanvi.surflinksas.com\/#website\"},\"datePublished\":\"2024-05-10T14:01:02+00:00\",\"dateModified\":\"2024-05-10T14:04:59+00:00\",\"description\":\"Contrato \u00danico de Servicios TV Sanvi en San Vicente del Cagu\u00e1n - Caquet\u00e1\",\"breadcrumb\":{\"@id\":\"https:\/\/tvsanvi.surflinksas.com\/index.php\/contrato-unico-de-servicios\/#breadcrumb\"},\"inLanguage\":\"es\",\"potentialAction\":[{\"@type\":\"ReadAction\",\"target\":[\"https:\/\/tvsanvi.surflinksas.com\/index.php\/contrato-unico-de-servicios\/\"]}]},{\"@type\":\"BreadcrumbList\",\"@id\":\"https:\/\/tvsanvi.surflinksas.com\/index.php\/contrato-unico-de-servicios\/#breadcrumb\",\"itemListElement\":[{\"@type\":\"ListItem\",\"position\":1,\"name\":\"Portada\",\"item\":\"https:\/\/tvsanvi.surflinksas.com\/\"},{\"@type\":\"ListItem\",\"position\":2,\"name\":\"Contrato \u00danico de Servicios\"}]},{\"@type\":\"WebSite\",\"@id\":\"https:\/\/tvsanvi.surflinksas.com\/#website\",\"url\":\"https:\/\/tvsanvi.surflinksas.com\/\",\"name\":\"\",\"description\":\"\",\"potentialAction\":[{\"@type\":\"SearchAction\",\"target\":{\"@type\":\"EntryPoint\",\"urlTemplate\":\"https:\/\/tvsanvi.surflinksas.com\/?s={search_term_string}\"},\"query-input\":\"required name=search_term_string\"}],\"inLanguage\":\"es\"}]}<\/script>\n<!-- \/ Yoast SEO plugin. -->","yoast_head_json":{"title":"Contrato \u00danico de Servicios -","description":"Contrato \u00danico de Servicios TV Sanvi en San Vicente del Cagu\u00e1n - Caquet\u00e1","robots":{"index":"index","follow":"follow","max-snippet":"max-snippet:-1","max-image-preview":"max-image-preview:large","max-video-preview":"max-video-preview:-1"},"canonical":"https:\/\/tvsanvi.surflinksas.com\/index.php\/contrato-unico-de-servicios\/","og_locale":"es_ES","og_type":"article","og_title":"Contrato \u00danico de Servicios -","og_description":"Contrato \u00danico de Servicios TV Sanvi en San Vicente del Cagu\u00e1n - Caquet\u00e1","og_url":"https:\/\/tvsanvi.surflinksas.com\/index.php\/contrato-unico-de-servicios\/","article_modified_time":"2024-05-10T14:04:59+00:00","twitter_card":"summary_large_image","twitter_misc":{"Tiempo de lectura":"1 minuto"},"schema":{"@context":"https:\/\/schema.org","@graph":[{"@type":"WebPage","@id":"https:\/\/tvsanvi.surflinksas.com\/index.php\/contrato-unico-de-servicios\/","url":"https:\/\/tvsanvi.surflinksas.com\/index.php\/contrato-unico-de-servicios\/","name":"Contrato \u00danico de Servicios -","isPartOf":{"@id":"https:\/\/tvsanvi.surflinksas.com\/#website"},"datePublished":"2024-05-10T14:01:02+00:00","dateModified":"2024-05-10T14:04:59+00:00","description":"Contrato \u00danico de Servicios TV Sanvi en San Vicente del Cagu\u00e1n - Caquet\u00e1","breadcrumb":{"@id":"https:\/\/tvsanvi.surflinksas.com\/index.php\/contrato-unico-de-servicios\/#breadcrumb"},"inLanguage":"es","potentialAction":[{"@type":"ReadAction","target":["https:\/\/tvsanvi.surflinksas.com\/index.php\/contrato-unico-de-servicios\/"]}]},{"@type":"BreadcrumbList","@id":"https:\/\/tvsanvi.surflinksas.com\/index.php\/contrato-unico-de-servicios\/#breadcrumb","itemListElement":[{"@type":"ListItem","position":1,"name":"Portada","item":"https:\/\/tvsanvi.surflinksas.com\/"},{"@type":"ListItem","position":2,"name":"Contrato \u00danico de Servicios"}]},{"@type":"WebSite","@id":"https:\/\/tvsanvi.surflinksas.com\/#website","url":"https:\/\/tvsanvi.surflinksas.com\/","name":"","description":"","potentialAction":[{"@type":"SearchAction","target":{"@type":"EntryPoint","urlTemplate":"https:\/\/tvsanvi.surflinksas.com\/?s={search_term_string}"},"query-input":"required name=search_term_string"}],"inLanguage":"es"}]}},"jetpack_sharing_enabled":true,"_links":{"self":[{"href":"https:\/\/tvsanvi.surflinksas.com\/index.php\/wp-json\/wp\/v2\/pages\/125"}],"collection":[{"href":"https:\/\/tvsanvi.surflinksas.com\/index.php\/wp-json\/wp\/v2\/pages"}],"about":[{"href":"https:\/\/tvsanvi.surflinksas.com\/index.php\/wp-json\/wp\/v2\/types\/page"}],"author":[{"embeddable":true,"href":"https:\/\/tvsanvi.surflinksas.com\/index.php\/wp-json\/wp\/v2\/users\/1"}],"replies":[{"embeddable":true,"href":"https:\/\/tvsanvi.surflinksas.com\/index.php\/wp-json\/wp\/v2\/comments?post=125"}],"version-history":[{"count":2,"href":"https:\/\/tvsanvi.surflinksas.com\/index.php\/wp-json\/wp\/v2\/pages\/125\/revisions"}],"predecessor-version":[{"id":128,"href":"https:\/\/tvsanvi.surflinksas.com\/index.php\/wp-json\/wp\/v2\/pages\/125\/revisions\/128"}],"wp:attachment":[{"href":"https:\/\/tvsanvi.surflinksas.com\/index.php\/wp-json\/wp\/v2\/media?parent=125"}],"curies":[{"name":"wp","href":"https:\/\/api.w.org\/{rel}","templated":true}]}}